-2)?
3
Evaluate -1 + -1 + 13 + 6 + -13 + -2.
2
What is the value of (-2 + 3 - -18) + -3 - (83 + -78)?
11
What is -23 + -9 + -10 + 12 - -12?
-18
Evaluate -2 + (9 - 11) + 6.
2
What is the value of 9 + (281 - 281 - (-2 - 0))?
11
28 + -21 + 11 - 21
-3
Evaluate (-26 - -17 - (-15 - -1 - -1)) + 23.
27
What is the value of 37 - (-2 + 18) - 36?
-15
What is 6 - (-29 - (-24 - 7))?
4
What is (1 - -19) + -1 + -6?
13
What is (-41 - (-4 + (-2 - -4))) + 195 + -185?
-29
Calculate 3 - (-20 - -9) - -11.
25
What is the value of 9 + ((-1 - 1) + -6 - (30 - 32))?
3
0 + (57 - 52 - (-9 + 1)) + -6
7
Evaluate (3 - (-1 + -5)) + (-2 - 14).
-7
Evaluate 6 - (6 - -3) - (-1 - -7).
-9
Evaluate (-1 - -3) + (1592 - 1589).
5
What is (-4 - 5) + 177 + -176?
-8
Calculate -1 + -6 + 11 + (2 - (1 + -2)).
7
Calculate (40 - (3 - -30)) + -5 + 0.
2
What is the value of 2 - 1 - (0 + 9 - (14 + -6))?
0
What is the value of (-1 - 2) + (12 - (25 + -16)) + -3?
-3
What is the value of 27 - (-4 + 13) - 32?
-14
Evaluate -18 + 3 + 2 + 14.
1
What is the value of -29 - (-9 - (17 + -9))?
-12
Evaluate 82 + -97 - (-7 - -1).
-9
Calculate 11 + (-13 - 4 - -12).
6
What is the value of 3 - (-44 - -1) - (-426 - -439)?
33
What is the value of 6 + (-6 - 30) + -1 + 6 + 5?
-20
What is 0 + -9 + 0 + 9 + -3?
-3
Evaluate -3 + 17 + -10 + 2 + -12 + -13.
-19
What is the value of 0 - ((0 - -6) + 0 - -19 - 9)?
-16
What is the value of -49 - -22 - -42 - 10?
5
What is the value of -6 + (1 - (-1 + 2) - (52 + -73))?
15
What is (-91 - -86) + (-4 - -2)?
-7
Evaluate -12 + 3 + -2 - (-10 - 8).
7
Evaluate (7 - (43 - 35)) + -24.
-25
-8 + ((-11 - -11) + 3 - 7)
-12
Calculate -1 + -13 + -9 + 14.
-9
Calculate -6 + (0 - -4) + 0 - 3.
-5
Calculate (7 - 20 - -14) + -3.
-2
Calculate -4 + (0 - (-11 - -1)) + -3.
3
Calculate (-28 - -22) + 3 + (16 - -2).
15
What is 0 - (-2 + -2 + 5)?
-1
Evaluate -93 - -33 - (-35 + 1).
-26
What is 8 - (-10 + (23 + -3 - 0))?
-2
What is the value of 18 - (2 + -10 - (47 + -38))?
35
What is (12 - 69) + 41 - -52?
36
(-4 - -22) + (-82 - -60)
-4
Evaluate 14 + -14 + (-1 - -15).
14
((6 - 13) + 0 - (6 - 12)) + -7
-8
What is the value of (-23 - (-27 + -4)) + (0 - -5 - -1)?
14
Calculate (14 - -1) + (-93 - -71).
-7
Calculate 1 + -11 + (-85 + 151 - 58).
-2
Calculate (19 - 0) + 8 + -5 + -6 + -5.
11
(17 - 6) + -4 - 7
0
What is the value of -427 - -449 - (32 + 0)?
-10
32 + (-43 - (-6 + -23))
18
What is the value of 293 + -294 + (-5 - 1)?
-7
Calculate 5 + (0 - -3) - 1 - (-127 - -131).
3
1 - (-1 + (-11 - 1) - 1)
15
Calculate (5 - 2) + 4 + -15 - -15.
7
Calculate (1 + -9 + (58 - 54) - -6) + 14.
16
What is 17 + -9 - (-2 + (2 - -4))?
4
-2 + (-2 - 0) - ((-28 - -7) + 24)
-7
What is the value of 0 + 0 + (-489 - -503)?
14
What is 9 + -13 - 8 - (0 - 3)?
-9
Evaluate 6 + 8 + 9 + 7 + 1 + -35.
-4
Evaluate 16 + (13 - 4 - -6) + -11.
20
Evaluate (-1 - -6) + -43 + (30 - (12 + 6)).
-26
What is 24 + -2 + (152 - 184)?
-10
Evaluate -7 + 9 + (-5 - -7) + -3 - -21.
22
4 - (-28 - ((7 - 9) + -11))
19
Calculate (14 - (2 - -1)) + (-12 - -5 - -2).
6
(35 - 31) + -9 + -1
-6
What is (16 - 0 - (115 + -110)) + 15?
26
Calculate 4 - (-5 - ((10 - -1) + 7)).
27
Evaluate (9 - 7) + -12 - 6 - -8.
-8
What is -20 - (6 - 21) - 4?
-9
0 - 12 - (10 - (-14 + 10 - -12))
-14
(2 + -1 - ((-42 - -83) + -36)) + -19
-23
37 - (49 - (-13 + 3))
-22
-7 + (-8 - (6 + -16)) + -19
-24
What is 21 + -11 - (15 + 3 - 4)?
-4
What is the value of (-3 - (-1 + -1)) + (0 - 22) + 6?
-17
What is the value of 0 + -6 + 5 + (2 + -11 - -2)?
-8
Calculate 12 + -13 + 2 + 53 + -59.
-5
What is the value of 15 + (0 - -25) + -15 + -7?
18
What is the value of (12 - 28) + 15 + (-4 - -27)?
22
What is 10 - (-4 - (4 - 14))?
4
18 + (-10 - (57 - 33))
-16
Calculate (-7 - (-43 - (4 + -10))) + (10 - 18).
22
Evaluate 71 + -61 + (-5 + -1 - -1) + -31.
-26
Calculate 3 + -7 + (-28 - -32) + (-4 - 1).
-5
Calculate -8 - (5 - (4 - (-9 + 4))) - -19.
15
Calculate -2 + 5 + -8 + -5 + 8 + -5.
-7
3 - (-3 + (2 - 2)) - (2 - 0)
4
What is the value of 37 + (29 + -59 - -11)?
18
Calculate -4 + 55 + -52 - ((-1 - 0) + 29).
-29
What is the value of 11 - (-9 + 12) - 13?
-5
Calculate 15 - 2 - 6 - 17.
-10
What is the value of 10 - ((1 - -4) + 5 + -14)?
14
Evaluate 7 + -2 + (52 - 28).
29
5 - -2 - (-9 - -14)
2
What is ((-1 - (-4 + -2)) + -3 - 5) + -13?
-16
3 - ((-686 - -694) + (-14 - 0) + 0)
9
What is the value of (8 - -5) + (-20 - -22 - 3)?
12
Calculate (-104 + 82 - (-11 - 1 - -2)) + 0.
-12
-1 + 6 + -15 - ((26 - 5) + 0)
-31
(-5 - -1) + 11 + (-50 - -31)
-12
Calculate 15 - 2 - (0 + -17) - 9.
21
0 + (-1 + 9 - (39 + -14 + 8))
-25
Evaluate 5 + 6 + (7 - -7 - 8).
17
-2 + 1 + 1 + -3 + -2 - -3
-2
What is -28 - (-24 - (-3 + 5))?
-2
What is the value of 2 + (3 - (-6 + (5 - (7 - 5))))?
8
What is -24 - -22 - (-10 + -1) - 2 - 21?
-14
What is 8 + -7 + (13 - 8) - (2 + -7)?
11
Evaluate (-1 - -9 - (-4 + 0)) + 21.
33
7 + -4 + (0 - 9) - 0 - -4
-2
Evaluate -6 - 11 - -14 - -6.
3
What is 3 + -5 - (0 - (3 + -5))?
-4
What is the value of 23 + 3 - 7 - 10 - 4?
5
What is the value of 2 - -6 - (8 + -10 + (-7 - -6))?
11
What is -12 + 41 + 49 + -75?
3
What is the value of -1 + (4 - (-16 - -4))?
15
Evaluate (-15 - (-14 - (1 - 2))) + 4 + -1.
1
What is the value of 12 + (7 - 2) + -17 + 9?
9
(-13 - 1 - (-42 - -56)) + 15
-13
-46 + 41 + (-1 - -3 - -4)
1
Calculate -37 + (-31 - -16) + 28.
-24
13 + (21 - 40) + (1 - 0) + 19
14
What is the value of -3 - -16 - (-5 + 1 + 7)?
10
Calculate 17 + (-28 - -5) + 16.
10
What is 12 + -16 + -13 + 25?
8
What is 2 - (2 - (1 - -4) - (0 + 0))?
5
Evaluate (3 - 4) + 12 + (14 - 19 - -12).
18
What is the value of -306 + 297 + (-17 - -1)?
-25
Calculate 12 + (-2 - (-21 - -17)).
14
What is the value of (331 - 307) + -43 + 0?
-19
Evaluate (19 - 25) + (-2 - -16).
8
What is the value of -2 + 4 + -2 + -1 + -10 + 6?
-5
What is 20 + -20 + 19 + -27?
-8
32 + 0 + -2 + -4 + (11 - 5)
32
Evaluate -1092 - -1116 - (-1 - -28).
-3
What is the value of 5 - 18 - (-10 - ((2 - 4) + -3))?
-8
What is the value of (-16 - (33 + -28)) + 24?
3
What is -6 + 26 - (10 + -9 + 12)?
7
Evaluate (0 - -1) + -65 + 65.
1
Calculate 14 + 1 + (8 + -6 - 5).
12
What is -1 - (10 - 2) - -6?
-3
What is the value of 1 - -9 - (40 - 9)?
-21
7 - -24 - (-2 - -15)
18
0 + -4 + 5 + 0 + 14
15
Calculate 12 + -1 + (-23 - (1 + -16)).
3
-14 + 1 - ((-24 - -10) + 10 - 0)
-9
Calculate (-18 - -35) + (-1 - 14) + 5.
7
Calculate 5 - (7 - 6 - 7).
11
What is the value of -4 - -50 - 21 - 8?
17
What is (-33 - -28) + 21 + 1 + (-6 - -5)?
16
Calculate -6 + 2 + -5 + -2 - -19.
8
-13 + 2 + -2 - (59 + -68)
-4
What is the value of -14 - 1 - (4 + -20)?
1
Evaluate (26 - (34 + -6)) + -4 + 2 + -9.
-13
What is the value of (-9 - (-22 + 10)) + -6 + -11?
-14
Calculate 18 + -15 + 12 + (-19 - -3).
-1
Calculate -12 + (-1 - -14) - (3 - -1) - -4.
1
24 - (1 - (14 + (-5 - 0)))
32
0 - (21 - 21 - -17)
-17
Calculate (-21 + 18 - -6) + -21.
-18
8 - 18 - -25 - 24
-9
What is the value of -21 + (2 - -12) + -14 + 0?
-21
Evaluate -6 + (2 - -10) + (-3 - (-1 - -2)).
2
3 + (-1 - -2) - (4 - 2 - -5)
-3
Evaluate -1 - (38 - -7) - (-15 + 7 + -1).
-37
Calculate 8 - (-11 + 9 - -7) - (-3 + 0).
6
Calculate -5 + -4 + 4 + 5 + 10.
10
Calculate 7 + (7 - 7) - 0 - -1.
8
What is the value of 3 + -1 - 9 - (8 + -22)?
7
Calculate (18 - 28) + 6 + 7.
3
6 + -2 + -9 + 5 + (4 - 0)
4
What is -36 - -50 - (25 + -2)?
-9
What is -6348 + 6348 - (3 - (0 + (1 - 0)))?
-2
Evaluate 22 + (-25 - 2) - (0 - (-11 - -3)).
-13
Evaluate -3 + (22 - -6) + -6 + (4 - 8).
15
Calculate 24 + -21 - 14 - -17.
6
Calculate 1 + (149 - 169) + (-2 - -4) + -1.
-18
What is -9 + 32 + 1 + -22?
2
Calculate 1 + (-44 + 1 - (-24 - -9)).
-27
-5 + (2 - -21) - (-1 + 18)
1
What is the value of 28 - (-3 + 1 + 1) - (17898 + -17897)?
28
What is 2 + -5 - (13 - (19 - 8))?
-5
What is 11 + (-43 - (-10 + 6 - (5 + -1)))?
-24
-28 + (47 - -14) + -48
-15
What is the value of (30 - 33) + (6 - 11)?
-8
-11 + (3 - (24 + -5) - -7 - -7)
-13
15 - (18 - (11 + -9 + 1))
0
(8 - 3) + (4 - 6) + 2
5
What is -81 + 104 + (2 - (3 - -2))?
20
What is the value of -4 - (-14 - -7) - 13?
-10
7 - (-10 - -10 - -16)
-9
Calculate 20 + 1 - (1035 - 1003).
-11
Calculate (1 + 1 - -1) + -5 + 0 - -5.
3
Calculate -33 + 33 + (-11 - 2).
-13
Calculate (-15 - (6 - 4)) + 9 + -1.
-9
What is the value of -38 + 12 + 3 + 13?
-10
Evaluate (1 - (6 - 2)) + -3 - (-19 - -10).
3
Calculate -